(4/f + (-39)/(-5))*21 is divided by 28?
21
Suppose -17*x + 27*x = 5*k - 8515, -2*k + x + 3412 = 0. What is the remainder when k is divided by 28?
27
Let f(t) = 28*t**2 - 4*t - 11. What is the remainder when f(-3) is divided by 85?
83
Suppose -s = 2, 3*d + 4*s - s - 15 = 0. Suppose 0 = -m + 1, -2*k + 44 = 3*m - 39. Let a = k + -38. What is the remainder when d is divided by a?
1
Let q(t) = t**2 - 129*t + 1208. Let v(i) = -47*i. Calculate the remainder when v(-3) is divided by q(10).
15
What is the remainder when (-1 - 6)*(-4386)/119 is divided by 4?
2
Let u(b) = 2*b + 53. Calculate the remainder when 3233 is divided by u(47).
146
Suppose 0 = 13*b - 386 - 3384. What is the remainder when b is divided by (27/(-6))/((-39)/364)?
38
Let v = 32 + -49. Let n = 27 + v. Suppose a - 2*z + n = 36, 154 = 5*a + 2*z. Calculate the remainder when 58 is divided by a.
28
Let p(v) = v**2 + 21*v + 92. Let c be p(-14). Calculate the remainder when (1 - c)*(-3 - -12) is divided by 22.
19
Suppose c = 5*u + 386, c - 5*c = 5*u + 381. Let a = u - -120. Calculate the remainder when 263 - (-2)/(-1) - 5 is divided by a.
41
Suppose -5*g + 5*g - g = 0. Suppose g = -3*w - 3*m - 347 + 23, -3*w - 4*m - 324 = 0. Let d = w + 118. Calculate the remainder when 11 is divided by d.
1
Let v(o) = -2*o**2 - 35*o + 3451. Suppose 33 = 2*q + g, 5*g - 67 = -5*q + 2*q. Calculate the remainder when v(-51) is divided by q - (4 - (4 - 2)).
10
Suppose -6*u = -w + 2238, 70 = -4*u + 90. Calculate the remainder when w is divided by 38.
26
Let c = -171 - -175. Suppose 0 = 7*m - 3*m, c*m - 8 = -4*b. What is the remainder when b is divided by 1?
0
Let f(k) = -56*k + 314. What is the remainder when 79 is divided by f(5)?
11
Suppose -4*j - 3*k + 152 = 0, 0*j - 152 = -4*j + 4*k. Suppose 0*g + r - j = -4*g, -r = 2. Let n(a) = -7*a - 3. What is the remainder when n(-3) is divided by g?
8
Suppose 12 = -2*c + 3*c - 5*u, -5*u - 14 = -2*c. Let t(h) = h**2 - h + 2. Let m be t(c). Suppose m*d = 10*d - 30. What is the remainder when 9 is divided by d?
4
Let u = -37 + 61. Suppose -65 = -5*f + 4*g, -3*g = 1119 - 1134. Calculate the remainder when u is divided by f.
7
Let a(k) = k**3 + 20*k**2 + 35*k - 20. Suppose -6*n = 1 + 107. Let y be a(n). Calculate the remainder when 28 is divided by y - (-8 - (-2)/5*-5).
4
Suppose 3*h + 4*p = -p + 4, 3*h - 3*p - 12 = 0. Suppose -2*m - 2 = -h*m. Let d(u) = -43*u + 216. Calculate the remainder when m is divided by d(5).
0
Let l = -180 + 196. Calculate the remainder when 39 is divided by l*(-2 + (-15)/(-6)).
7
Suppose 13433 + 6461 = 58*v. Calculate the remainder when 700 is divided by v.
14
Let a(d) = -35*d**2 - 255*d - 10. What is the remainder when 3358 is divided by a(-7)?
58
Let h(n) = 20*n**2 + 711*n - 309. Calculate the remainder when 2103 is divided by h(-36).
3
Suppose 0 = 3*k - 4*c - 3992, -52*k + c + 2668 = -50*k. What is the remainder when k is divided by 264?
16
Let r(x) = -x**3 - 16*x**2 - 16*x - 3. Let k be r(-15). Let c(w) = w**2 + 3*w - 13. Calculate the remainder when c(k) is divided by 43.
38
Suppose 25 - 28 = -f. Suppose 0 = -6*i + f + 3. What is the remainder when 17 is divided by (-2 + -2)*(i + 45/(-10))?
3
Let u(v) = 4*v**2 - 9*v + 20. Suppose 24*l - 21*l = 15. What is the remainder when u(4) is divided by l?
3
Suppose -95 = -6*g + 2*g + 3*f, -2*f - 46 = -2*g. Let j = 99 + -57. Suppose -m - j = -4*m. What is the remainder when g is divided by m?
12
Let m = -14701 - -14721. Calculate the remainder when 208 is divided by m.
8
Suppose y + 4*y + 70 = -3*m, -3*m - 40 = -y. Let f be (-18)/m*(-600)/18. Let g = f + 51. What is the remainder when 29 is divided by g?
7
Let p = -2748 + 4390. Calculate the remainder when p is divided by 12.
10
Suppose -117 - 433 = -10*n. What is the remainder when 4177 is divided by n?
52
Let a(s) = -2*s**2 - 37*s + 23. Let f be a(-17). Calculate the remainder when (-6 - 0) + 4 + f is divided by 42.
30
Calculate the remainder when 10846 is divided by 119/34*58 - -14.
213
Let p = 23865 + -23856. Calculate the remainder when 229 is divided by p.
4
Let v(b) = b**3 + 89*b**2 + 235*b + 244. Calculate the remainder when v(-86) is divided by 9.
8
Suppose -2*j = -0*j - 26. Let c(u) = -u**2 + 92*u - 1006. Calculate the remainder when c(13) is divided by j.
8
Let y(h) = 2*h**2 - 16*h + 28. Let w be y(5). Let b(a) = a**3 + 7*a**2 - 4*a + 2. Calculate the remainder when b(-6) is divided by w - -1 - (-17 - 5).
20
Let v = 122331 - 122277. Let j = 8 - -11. Calculate the remainder when v is divided by j.
16
Let k(m) = m**2 + 3*m - 2. Let r be k(-4). Calculate the remainder when 55 is divided by (58 - 43)/(2 - 3/r).
25
Suppose 146*z - 191*z + 1440 = 0. What is the remainder when 1881 is divided by z?
25
Suppose -21*m = -4*m - 20 - 473. Let y(v) = v**2 + 5*v - 6. Calculate the remainder when y(6) is divided by m.
2
Let m = -297 - -317. Suppose -31*b - m = -32*b. Calculate the remainder when 68 is divided by b.
8
Let i(s) = -2*s**2 + 4*s + 133. Calculate the remainder when 93 is divided by i(-6).
19
Let k be (1 - -1) + (33 - 6). Suppose 1514 + 690 = k*o. What is the remainder when o is divided by 42?
34
Suppose 0 = -3*v + 6, -3*y + 3 = -v - 199. What is the remainder when 607 is divided by y?
63
Let i be (-5908)/18 + (-40)/(-180). Let t = -171 - i. Calculate the remainder when t is divided by 16.
13
Let u be 0 - 2 - (-22 + 6). Let l = 21 - u. Suppose 2*v = v + l. What is the remainder when 10 is divided by v?
3
Let z(s) = s**3 - 2*s**2 + 5*s - 37. Suppose 5001*d - 1170 = 4991*d. Calculate the remainder when d is divided by z(4).
12
Suppose 5*b + 371 = 5*a - 169, 4*b = a - 96. Calculate the remainder when a is divided by 13.
8
Suppose -4*p + 68 = 4*m, 2*m = 68*p - 65*p - 21. Let h = 13 + -4. What is the remainder when p is divided by h?
2
Let p = -96 + 92. What is the remainder when 170/4 - (-1)/(-2) is divided by 1 + p - 25/(-1)?
20
Let l be -8*((-1)/8)/((-9)/(-18)). Suppose h - 298 = -k, 7*h - l*h = -4*k + 1189. What is the remainder when k is divided by 103?
95
Let v(m) = -3*m - 12. Suppose -27*g = -33*g - 72. What is the remainder when 70 is divided by v(g)?
22
Suppose 2*y + 3*n = 41, -3*y = y - 5*n - 71. Suppose 3*v = 2*u + 148, v - 19 = -4*u + 7. What is the remainder when v is divided by y?
8
Suppose -6*f + f + 5*r + 150 = 0, 162 = 5*f - 3*r. What is the remainder when 62 is divided by f?
26
Let x be (-98)/(-4) - (-6)/4. What is the remainder when 50 is divided by (-3)/(153/x + -6)?
24
Suppose 328*j - 497579 = 108237. What is the remainder when 3703 is divided by j?
9
What is the remainder when 311 is divided by (-9)/((-135)/(-6))*780/(-24)?
12
Suppose -24851 = -22*t + 257743 - 10322. Calculate the remainder when t is divided by 20.
16
Suppose -4*a + 9*z = 6*z - 9327, 5*a + 2*z - 11630 = 0. Calculate the remainder when a is divided by 111.
108
Let l(k) = -5*k**2 - 12*k**2 + 51*k + 20*k**2 - 14. Calculate the remainder when l(-18) is divided by 23.
17
Let x = 1569 + -750. Suppose 10*c - 3449 = -x. What is the remainder when c is divided by 89?
85
Let v(w) = -8*w**3 - 16*w**2 - 34*w - 16. Calculate the remainder when 67 is divided by v(-2).
15
Suppose 0 = -i + 5*g + 1726 + 7882, 3*i + 3*g - 28788 = 0. What is the remainder when i is divided by 300?
298
Let w = 295 + -108. Let g = -182 + 229. What is the remainder when w is divided by g?
46
Let b be 16/10 + (-5 - 162/(-30)). Let m(g) = 7*g**2 - 3*g + 6. Let q be m(b). Calculate the remainder when 34 is divided by (-1)/14*-4 - (-496)/q.
16
Let w(t) = -t**3 - 69*t**2 - 446*t - 125. Calculate the remainder when w(-62) is divided by 22.
3
Suppose 50*t + 210 - 1638 = 36*t. Calculate the remainder when 408 is divided by t.
0
Let h(t) = t**3 + 6*t**2 - 22*t + 23. Let i be h(-10). Let n = -152 - i. Let j(m) = m**2 - m - 1. Calculate the remainder when j(-2) is divided by n.
0
Let z = 26789 + -26697. What is the remainder when 4506 is divided by z?
90
Let w = 3349 - 3297. Let o(i) = -i**2 + 33. What is the remainder when w is divided by o(0)?
19
Let p(b) = 225*b + 2132. Calculate the remainder when 534 is divided by p(-9).
106
Let z(q) = 64*q - 84. What is the remainder when 51 is divided by z(2)?
7
Suppose -19*g + 7*g + 108 = 0. Suppose 5 = -i, i = b + 3*i + 4. Calculate the remainder when g is divided 